derivative of -f**4/24 - f**3/6 + f**2. What are the prime factors of x(-8)?
7
Let u(q) = -7*q - 1. List the prime factors of u(-2).
13
Suppose 0 = 2*a - 0*a - 20. Suppose -5*q = -a*q. What are the prime factors of (q - -10) + (-6)/(-3)?
2, 3
Let x be (28/6)/(4/6). Suppose 2*i - x*i = -15. What are the prime factors of i?
3
Let w(p) = -p**3 + 4*p**2 - 3*p + 1. Let i be w(3). Let v = -3 + 4. List the prime factors of i + (v - 1) + 6.
7
Suppose -4*y - 35 = y. Suppose -i = -5*i + 4*r - 16, -i = -2*r + 4. Let h = i - y. What are the prime factors of h?
3
Suppose 0*c = 2*c - 8. Suppose -3*s - 4 = s + c*j, -2*s = j - 2. Suppose -b + s*b - 6 = 0. List the prime factors of b.
3
Let g(w) = 18*w**2 + 1. List the prime factors of g(1).
19
What are the prime factors of (9500/(-6))/(-5) - (-16)/12?
2, 3, 53
Let o = -12 - -17. Suppose -c - 20 = 2*p, 3*c + o = -7. Let l = p + 15. What are the prime factors of l?
7
Let k be 51/3 + (-2)/1. Suppose -4*w = 2*v + w - k, 0 = -3*v + 5*w + 10. Suppose 40 = v*f + 4*l, 4*f - l = 53 - 0. List the prime factors of f.
2, 3
What are the prime factors of 9/(-21) - (7344/14)/(-6)?
3, 29
Suppose 12*h - 13*h = -117. List the prime factors of h.
3, 13
Let d(c) = -27*c - 11. List the prime factors of d(-2).
43
Suppose 3*o - 80 = -4*k, 4*o - 5*k - 67 + 12 = 0. Let i = o + -13. List the prime factors of i.
7
Suppose m + 76 = 3*m - 2*j, 5 = -5*j. List the prime factors of m.
37
Suppose -5*q = 4*z - 209 + 56, -4*z + 144 = -4*q. Suppose 5*f - 3*k - z = 0, -5*f + 12 = -f + 2*k. List the prime factors of f.
5
Let b(r) be the first derivative of 1/2*r**2 + 21*r - 1. List the prime factors of b(0).
3, 7
Suppose -5*a + 4 = f, -4*f + 2*a - 38 = -10. Let j = -3 + f. Let r(t) = t**2 + 9*t + 7. List the prime factors of r(j).
7
What are the prime factors of 4*((-4)/(-2) - (-57)/(-76))?
5
Let d(n) = -16*n**3 + n**2 - 4*n. Let h(y) = y**3 + y. Let o(m) = -d(m) - 4*h(m). What are the prime factors of o(1)?
11
Suppose -a = 2*c - 102, 3 = a + 5*c - 93. Let d = -63 + a. List the prime factors of d.
43
Suppose 0 = -5*p + 3*w + 4, 6*w = 5*p + w. Suppose 11 + 1 = p*a. List the prime factors of a.
2, 3
Suppose 4*p = -0*p + 36. Suppose 4*t = p - 1. Suppose -t*k = -3*k + 2. List the prime factors of k.
2
Let z = -3 + 5. Suppose 0*c - 4 = -z*c. Suppose 0 = -2*l - c + 16. What are the prime factors of l?
7
What are the prime factors of 210/8 + (-3)/(-4)?
3
Let k(c) = 6*c**2 + 9*c + 12. What are the prime factors of k(-6)?
2, 3, 29
Suppose 4*f = 11 - 63. What are the prime factors of 0 + (2 - 1) - f?
2, 7
Let z(t) = t**3 + 5*t**2 - 3*t - 4. List the prime factors of z(-3).
23
Suppose 4*y = -9 + 565. List the prime factors of y.
139
Let j(d) = 3*d - d - 2 - 3*d. Let s be j(-5). Suppose -4*x + 0*x = s*t - 13, -x = -5*t + 37. What are the prime factors of t?
7
Let v = 20 + -17. List the prime factors of v.
3
List the prime factors of (4/(-6) - (-5)/3)*49.
7
Suppose -2*q + 4 = -38. Suppose 2*v - q = 31. List the prime factors of v.
2, 13
Let s(b) = b**3 - 6*b**2 - 6*b - 6. Let r be s(7). Suppose r = a + 3. What are the prime factors of 11*1/(-1 - a)?
11
Let x(p) = 283*p**2 - 7*p + 7. What are the prime factors of x(1)?
283
Let j(y) = 15*y**2 - 3*y + 1. List the prime factors of j(2).
5, 11
Let h be ((-24)/18)/(4/42). Let y(i) = -i**3 - 13*i**2 + 12*i - 3. List the prime factors of y(h).
5
Suppose 0 = 2*u + 1 - 25. Let m = 3 + u. What are the prime factors of m?
3, 5
Let o(z) = 13*z**2 + 2*z + 1. Let l = -6 - -5. What are the prime factors of o(l)?
2, 3
Suppose -242 - 382 = -6*p. What are the prime factors of p?
2, 13
Suppose 2 = f - 3. List the prime factors of (-6)/((15/(-4))/f).
2
Let h be (15/(-6))/(-5)*0. Suppose -z - 12 = 4*g, -5*z = 3*g - h*g + 9. Let a = g + 14. List the prime factors of a.
11
Let a(m) = -m + 5. Let r be a(0). Let v = r - 3. What are the prime factors of v?
2
Let u(i) = 7*i + 7. Let d(p) = 11*p + 11. Let l(n) = 5*d(n) - 8*u(n). What are the prime factors of l(-4)?
3
List the prime factors of 3*(-62)/(-3) - -4.
2, 3, 11
Let l(d) = d**2 + 5*d. Let q be l(-5). Suppose q = -5*o + 2*z - 104, -78 = 3*o - 0*z + 4*z. List the prime factors of ((-3)/6)/(1/o).
11
Let m = -6 - -9. Suppose -3*a - z + m = 0, -4*a - 5*z - 4 - 3 = 0. List the prime factors of a.
2
Let u(g) = -g - 3. Let s be u(-5). Suppose -s*v + 0*v = -4. What are the prime factors of -2 + 4/v - -4?
2
Suppose -d - 1 = -3. Suppose 0*j - 92 = -5*o + d*j, 3*o - 64 = -j. List the prime factors of o.
2, 5
Let f = 152 - 96. What are the prime factors of f?
2, 7
Suppose -w - 21 = 3*f - f, 54 = -4*f + 2*w. Let x(o) = -4*o**2 - 4*o - 3. Let a be x(-6). What are the prime factors of a/f - (-1)/(-4)?
2, 5
Suppose 138 = -2*p + 5*p. What are the prime factors of p?
2, 23
Let u(h) = -h**3 + 4*h**2 + 2*h - 6. Let p be u(4). Suppose -p*j = j - 33. List the prime factors of j.
11
List the prime factors of (-1)/(4/128*-2).
2
Let f(x) = x**3 - 5*x**2 - x + 7. Let p be f(5). Let u be ((-1)/3)/(4/(-60)). Let r = u - p. What are the prime factors of r?
3
Let l(a) = a**2 + 14*a - 14. What are the prime factors of l(-17)?
37
Suppose 0 = -5*f + 78 + 172. What are the prime factors of f?
2, 5
Let s = -28 + 31. Let y = 7 + 4. Suppose -s = -n + y. What are the prime factors of n?
2, 7
Let l be 0 - ((0 - -2) + -59). Suppose 4*o - m - l + 260 = 0, 5*m = -o - 35. List the prime factors of (-2)/(1 + o/46).
23
Suppose 6 = 3*g + 30. Let o(z) = z**2 + 4*z - 6. What are the prime factors of o(g)?
2, 13
Let w(n) = -n**3 + 9*n**2 + 12*n - 15. Let c be w(10). Suppose c*z - 16 = -3*f, z = 3*f - 0*z - 22. Let s = -5 + f. What are the prime factors of s?
2
Let q be 30/40 + 322/8. Suppose q = -0*c + c. List the prime factors of c.
41
Suppose -3*f = -2*g + 213, -2*f - 141 - 289 = -4*g. Let k = g + -75. List the prime factors of k.
3, 11
Let m = -19 - -13. Let h be (-6)/(-5)*(-20)/m. Suppose -3*c + 8 = -z, h = -z + 5*z. What are the prime factors of c?
3
Let y(g) = 2*g**2 - 6*g - 7. Let z be y(-7). Let w = z - 95. List the prime factors of w.
2, 19
Let u = -109 - -194. What are the prime factors of u?
5, 17
Let k(f) = -f**2 - 8*f + 9. Let p be k(-8). Suppose -w + 4 = 9. Let j = p + w. What are the prime factors of j?
2
Let t(s) = 13*s**2 + 12*s + 64. What are the prime factors of t(-4)?
2, 7
What are the prime factors of 4*(9/(-6))/(-3)?
2
Let d be 582/10 - (-3)/(-15). Suppose k + k - d = 2*a, -a + 67 = 3*k. List the prime factors of k.
2, 3
Suppose -o + 23 + 0 = 0. List the prime factors of o.
23
Suppose 0 = 4*f + 4, f + 411 = 2*q - 4*f. List the prime factors of q.
7, 29
Suppose -14*h = -17*h + 327. List the prime factors of h.
109
Let y = -15 + 21. List the prime factors of 2*(y - -3) - 0.
2, 3
Let x(t) = -15*t**2 + 1. Let l be x(1). Let w = l - -23. List the prime factors of w.
3
Let a(p) = -2*p**3 - 4*p + 1. What are the prime factors of a(-2)?
5
Suppose 6*b - 31 = 83. List the prime factors of b.
19
Let m(n) = -n**2 + 8*n - 7. Let s be m(7). List the prime factors of 11 + (s + -3)*-1.
2, 7
Let u(a) be the first derivative of -3*a**2/2 - a + 2. Let k(b) = -b - 1. Let p(w) = -5*k(w) + u(w). List the prime factors of p(4).
2, 3
Let m(s) = s**3 - 3*s**2 - 3*s - 4. Let q be m(4). Suppose -4*h = -q + 12. Let r = h - -9. What are the prime factors of r?
2, 3
Suppose -2*h - 2*h = -2*d + 656, -5*h = d + 827. Let n be h/(-6)*8/10. Suppose n = 3*t - t. What are the prime factors of t?
11
Let o = -132 - -215. List the prime factors of o.
83
Let q(k) = -k**3 + 4*k**2 - k - 3. Let p be q(3). Let h(y) = -2 + y + 4*y**2 - 3*y**2 + p. List the prime factors of h(2).
7
What are the prime factors of (-8)/32 + (-362)/(-8)?
3, 5
Let z = 3 - -7. List the prime factors of z.
2, 5
Let q(s) = 12*s - 17. What are the prime factors of q(7)?
67
What are the prime factors of -2 + 0 + (2 - -9)?
3
Let z(c) = -c**2 + 12*c + 1. Suppose 2*y = 5*l + 22, 0 = 2*y - 3*l + 9 - 27. List the prime factors of z(y).
37
Let x(j) be the first derivative of j**3/3 - 9*j**2/2 + 4*j - 1. What are the prime factors of x(11)?
2, 13
Suppose -3*i + z + 225 = 2*z, -234 = -3*i + 2*z. List the prime factors of i.
2, 19
Suppose 4*u - 31 = -s, -2*u + 19 = 4*s - 7. What are the prime factors of u?
7
Suppose 4*l - 8 = -0*l. Suppose 0 = l*t + 4*h, -2*h - 6 = 4. List the prime